{"id":211,"date":"2021-06-09T17:08:48","date_gmt":"2021-06-09T22:08:48","guid":{"rendered":"https:\/\/www.alarconaconsulting.org\/?page_id=211"},"modified":"2021-07-08T08:58:52","modified_gmt":"2021-07-08T13:58:52","slug":"proyectos","status":"publish","type":"page","link":"https:\/\/www.alarconaconsulting.com\/web\/proyectos\/","title":{"rendered":"Proyectos"},"content":{"rendered":"\t\t<div data-elementor-type=\"wp-page\" data-elementor-id=\"211\" class=\"elementor elementor-211\" data-elementor-settings=\"[]\">\n\t\t\t\t\t\t\t<div class=\"elementor-section-wrap\">\n\t\t\t\t\t\t\t<section class=\"elementor-section elementor-top-section elementor-element elementor-element-4af29c88 elementor-section-height-min-height elementor-section-content-middle elementor-section-full_width elementor-section-stretched elementor-section-height-default elementor-section-items-middle\" data-id=\"4af29c88\" data-element_type=\"section\" data-settings=\"{&quot;background_background&quot;:&quot;classic&quot;,&quot;stretch_section&quot;:&quot;section-stretched&quot;}\">\n\t\t\t\t\t\t\t<div class=\"elementor-background-overlay\"><\/div>\n\t\t\t\t\t\t\t<div class=\"elementor-container elementor-column-gap-default\">\n\t\t\t\t\t<div class=\"elementor-column elementor-col-100 elementor-top-column elementor-element elementor-element-27aef9bc\" data-id=\"27aef9bc\" data-element_type=\"column\">\n\t\t\t<div class=\"elementor-widget-wrap elementor-element-populated\">\n\t\t\t\t\t\t\t\t<div class=\"elementor-element elementor-element-8ca0240 elementor-widget elementor-widget-heading\" data-id=\"8ca0240\" data-element_type=\"widget\" data-widget_type=\"heading.default\">\n\t\t\t\t<div class=\"elementor-widget-container\">\n\t\t\t<h2 class=\"elementor-heading-title elementor-size-default\">Dise\u00f1amos e implementamos Sistemas de Informaci\u00f3n para Proyectos de Protecci\u00f3n Social. <br>Nos enfocamos en la Consultor\u00eda y desarrollo de proyectos de protecci\u00f3n social apoyados en sistemas de informaci\u00f3n respondiendo a la cultura, necesidades, entorno y desarrollo de cada pa\u00eds y programa.<\/h2>\t\t<\/div>\n\t\t\t\t<\/div>\n\t\t\t\t\t<\/div>\n\t\t<\/div>\n\t\t\t\t\t\t\t<\/div>\n\t\t<\/section>\n\t\t\t\t<section class=\"elementor-section elementor-top-section elementor-element elementor-element-abf92c0 elementor-section-full_width elementor-section-content-middle elementor-section-stretched elementor-reverse-mobile elementor-section-height-default elementor-section-height-default\" data-id=\"abf92c0\" data-element_type=\"section\" data-settings=\"{&quot;stretch_section&quot;:&quot;section-stretched&quot;}\">\n\t\t\t\t\t\t<div class=\"elementor-container elementor-column-gap-default\">\n\t\t\t\t\t<div class=\"elementor-column elementor-col-50 elementor-top-column elementor-element elementor-element-a0b4edb\" data-id=\"a0b4edb\" data-element_type=\"column\">\n\t\t\t<div class=\"elementor-widget-wrap elementor-element-populated\">\n\t\t\t\t\t\t\t\t<div class=\"elementor-element elementor-element-4d39948 elementor-widget elementor-widget-text-editor\" data-id=\"4d39948\" data-element_type=\"widget\" data-widget_type=\"text-editor.default\">\n\t\t\t\t<div class=\"elementor-widget-container\">\n\t\t\t\t\t\t\t\t<p>Somos una organizaci\u00f3n especializada en el dise\u00f1o e implementaci\u00f3n de sistemas de informaci\u00f3n para proyectos de protecci\u00f3n social.<\/p><p><span style=\"font-weight: 400;\">Contamos con gran experiencia a nivel mundial desarrollando proyectos de transferencias en especie y en efectivo para familias vulnerables<\/span><\/p><p><span style=\"font-weight: 400;\">Somos consultores asociados de Ayala Consulting Corp y nuestros principales clientes incluyen Agencias Multilaterales y Bilaterales, Gobiernos entre otros.<\/span><\/p>\t\t\t\t\t\t<\/div>\n\t\t\t\t<\/div>\n\t\t\t\t<div class=\"elementor-element elementor-element-45ea404 elementor-button-info elementor-align-center elementor-widget elementor-widget-button\" data-id=\"45ea404\" data-element_type=\"widget\" data-widget_type=\"button.default\">\n\t\t\t\t<div class=\"elementor-widget-container\">\n\t\t\t\t\t<div class=\"elementor-button-wrapper\">\n\t\t\t<a href=\"http:\/\/www.alarconaconsulting.com\/web\/web\/proyectos-que-incluyen-asistencia-tecnica-en-el-diseno-e-implementacion\/\" class=\"elementor-button-link elementor-button elementor-size-md\" role=\"button\">\n\t\t\t\t\t\t<span class=\"elementor-button-content-wrapper\">\n\t\t\t\t\t\t<span class=\"elementor-button-icon elementor-align-icon-right\">\n\t\t\t\t<i aria-hidden=\"true\" class=\"fas fa-arrow-right\"><\/i>\t\t\t<\/span>\n\t\t\t\t\t\t<span class=\"elementor-button-text\">Conoce nuestros proyectos de asistencia t\u00e9cnica<\/span>\n\t\t<\/span>\n\t\t\t\t\t<\/a>\n\t\t<\/div>\n\t\t\t\t<\/div>\n\t\t\t\t<\/div>\n\t\t\t\t\t<\/div>\n\t\t<\/div>\n\t\t\t\t<div class=\"elementor-column elementor-col-50 elementor-top-column elementor-element elementor-element-2bffe80\" data-id=\"2bffe80\" data-element_type=\"column\">\n\t\t\t<div class=\"elementor-widget-wrap elementor-element-populated\">\n\t\t\t\t\t\t\t\t<div class=\"elementor-element elementor-element-e86622a elementor-widget elementor-widget-image\" data-id=\"e86622a\" data-element_type=\"widget\" data-widget_type=\"image.default\">\n\t\t\t\t<div class=\"elementor-widget-container\">\n\t\t\t\t\t\t\t\t\t\t\t\t\t\t\t<img loading=\"lazy\" decoding=\"async\" width=\"1024\" height=\"742\" src=\"https:\/\/www.alarconaconsulting.com\/web\/wp-content\/uploads\/2021\/06\/laptop-1149412_1280-1024x742.jpg\" class=\"attachment-large size-large\" alt=\"\" srcset=\"https:\/\/www.alarconaconsulting.com\/web\/wp-content\/uploads\/2021\/06\/laptop-1149412_1280-1024x742.jpg 1024w, https:\/\/www.alarconaconsulting.com\/web\/wp-content\/uploads\/2021\/06\/laptop-1149412_1280-300x217.jpg 300w, https:\/\/www.alarconaconsulting.com\/web\/wp-content\/uploads\/2021\/06\/laptop-1149412_1280-768x556.jpg 768w, https:\/\/www.alarconaconsulting.com\/web\/wp-content\/uploads\/2021\/06\/laptop-1149412_1280-600x435.jpg 600w, https:\/\/www.alarconaconsulting.com\/web\/wp-content\/uploads\/2021\/06\/laptop-1149412_1280-64x46.jpg 64w, https:\/\/www.alarconaconsulting.com\/web\/wp-content\/uploads\/2021\/06\/laptop-1149412_1280.jpg 1280w\" sizes=\"auto, (max-width: 1024px) 100vw, 1024px\" \/>\t\t\t\t\t\t\t\t\t\t\t\t\t\t\t<\/div>\n\t\t\t\t<\/div>\n\t\t\t\t\t<\/div>\n\t\t<\/div>\n\t\t\t\t\t\t\t<\/div>\n\t\t<\/section>\n\t\t\t\t\t\t<\/div>\n\t\t\t\t\t<\/div>\n\t\t","protected":false},"excerpt":{"rendered":"<p>Dise\u00f1amos e implementamos Sistemas de Informaci\u00f3n para Proyectos de Protecci\u00f3n Social. Nos enfocamos en la Consultor\u00eda y desarrollo de proyectos de protecci\u00f3n social apoyados en sistemas de informaci\u00f3n respondiendo a la cultura, necesidades, entorno y desarrollo de cada pa\u00eds y programa. Somos una organizaci\u00f3n especializada en el dise\u00f1o e implementaci\u00f3n de sistemas de informaci\u00f3n para &hellip;<\/p>\n<p class=\"read-more\"> <a class=\"\" href=\"https:\/\/www.alarconaconsulting.com\/web\/proyectos\/\"> <span class=\"screen-reader-text\">Proyectos<\/span> Leer m\u00e1s &raquo;<\/a><\/p>\n","protected":false},"author":2,"featured_media":0,"parent":0,"menu_order":0,"comment_status":"closed","ping_status":"closed","template":"elementor_header_footer","meta":{"footnotes":""},"class_list":["post-211","page","type-page","status-publish","hentry"],"_links":{"self":[{"href":"https:\/\/www.alarconaconsulting.com\/web\/wp-json\/wp\/v2\/pages\/211","targetHints":{"allow":["GET"]}}],"collection":[{"href":"https:\/\/www.alarconaconsulting.com\/web\/wp-json\/wp\/v2\/pages"}],"about":[{"href":"https:\/\/www.alarconaconsulting.com\/web\/wp-json\/wp\/v2\/types\/page"}],"author":[{"embeddable":true,"href":"https:\/\/www.alarconaconsulting.com\/web\/wp-json\/wp\/v2\/users\/2"}],"replies":[{"embeddable":true,"href":"https:\/\/www.alarconaconsulting.com\/web\/wp-json\/wp\/v2\/comments?post=211"}],"version-history":[{"count":10,"href":"https:\/\/www.alarconaconsulting.com\/web\/wp-json\/wp\/v2\/pages\/211\/revisions"}],"predecessor-version":[{"id":799,"href":"https:\/\/www.alarconaconsulting.com\/web\/wp-json\/wp\/v2\/pages\/211\/revisions\/799"}],"wp:attachment":[{"href":"https:\/\/www.alarconaconsulting.com\/web\/wp-json\/wp\/v2\/media?parent=211"}],"curies":[{"name":"wp","href":"https:\/\/api.w.org\/{rel}","templated":true}]}}